/(-15))/((-4)/50). Let g = x + -6. Suppose 9 = 3*j, -g*b + 0*b = 2*j - 118. What is the remainder when b is divided by 15?
13
Suppose 54 = 2*b + 5*q, -b + 18 = 5*q - 7*q. Calculate the remainder when 285 is divided by b.
21
What is the remainder when 69 is divided by (2 - -3) + (-228)/(-12)?
21
Let m be (-748)/119*14/(-4). What is the remainder when 98 is divided by m/165 + (-596)/(-30)?
18
Let a be 0/(3*2/(-3)). Suppose 2*d - d - 107 = a. Let m = d - 28. Calculate the remainder when m is divided by 20.
19
Let v = 18 - 15. Suppose v*q - 17 = 10. Calculate the remainder when 32 is divided by q.
5
Let r(q) = -q**2 - 11*q - 12. Let s be r(-10). Let j be s - -3*4/(-12). Let d = j + 15. What is the remainder when 23 is divided by d?
11
Let r(w) = w**3 + 9*w**2 + 8*w - 13. Calculate the remainder when 62 is divided by r(-6).
15
Let x be (-1106)/8 - (-2)/8. Let d = -1030 - -1036. What is the remainder when (x/12)/((-2)/4) is divided by d?
5
Let l = -485 + 492. What is the remainder when 67 is divided by l?
4
Let c(r) = r**3 + 6*r**2 + 2*r. Calculate the remainder when 277 is divided by c(-3).
4
Let b = -1104 + 1236. What is the remainder when b is divided by 40?
12
Let z(n) = -n - 2. Let i be z(-7). Suppose 5 = i*x - 85. Suppose 0 = 3*c + h - 204, c - 4*h - 42 = 39. What is the remainder when c is divided by x?
15
Suppose -x = -5*h - 33, 0 = -5*x + 5*h + 332 - 127. Calculate the remainder when x is divided by 31.
12
Suppose -2*c = -3*o - 80, -2*o + 2 = -3*o. Suppose a - 4*a = -549. Calculate the remainder when a is divided by c.
35
Let h = 44 + -8. Let p = -13 + h. Calculate the remainder when p is divided by 3/(-2)*(-64)/12.
7
What is the remainder when 393 - 1 - (-52)/(-4) is divided by 19?
18
Let k(n) = -n**3 - 2*n**2 - 2*n. Let f be k(0). Suppose f = 4*x - 26 - 38. What is the remainder when 29 is divided by x?
13
Calculate the remainder when (-14 - 36/(-6)) + 785 is divided by 39.
36
Suppose -2 = -c - 0*c. Let j = 17 - -14. Calculate the remainder when 87 - (0 + -1 - c) is divided by j.
28
Let o = 248 + -226. Suppose 0 = 2*z + 4, 34 = 4*p + p + 3*z. Calculate the remainder when o is divided by p.
6
Let o(l) = -36*l - 150. What is the remainder when 78 is divided by o(-5)?
18
Let w(x) = x**3 + 34*x**2 + 62*x - 51. What is the remainder when 211 is divided by w(-32)?
3
Suppose -2322 - 2547 = -9*d. Calculate the remainder when d is divided by 179.
4
Suppose -d + 5 = 1. Suppose -7 = j - 5*x - 1, 4*j - 45 = -3*x. Calculate the remainder when j is divided by d.
1
Suppose 5*j - 2814 = -c, 4*j + 11*c = 5*j - 574. What is the remainder when j is divided by 15?
8
Suppose -2*z - 10 = 0, -4*z - 15 = -i + z. Let q = -2 - i. Calculate the remainder when 29 - 4/16*0 is divided by q.
5
Suppose 24*f = 28*f - 392. Let b = -35 + f. Calculate the remainder when b is divided by 8.
7
Suppose 4*f - 51 = 17. Let z = 19 - f. Suppose -z*g + 66 = -3*a, 2*g - 44 = 2*a + 24. What is the remainder when 69 is divided by g?
33
What is the remainder when 119 is divided by (-4)/66 + 4378/363?
11
Let y(p) = -p**3 + 3*p**2 - 3*p - 2. Let w be y(4). Let v = -24 - w. Calculate the remainder when 22 is divided by v.
4
Let u = 2 - 6. Calculate the remainder when 62 is divided by u*(-4 + 3 + -3).
14
What is the remainder when (306/(-136))/((-6)/32) is divided by 3?
0
Let c(h) = -h. Let o be 6/(-3)*(-2)/(-4). Let g be c(o). Calculate the remainder when 4 is divided by 3*(0 + g) - 1.
0
Suppose 3*p - 12 - 60 = 0. Suppose 5*l - 3*c = -c + 69, -2*l = -2*c - p. What is the remainder when l is divided by 6?
3
Let c(k) = -22*k + 348. What is the remainder when 619 is divided by c(13)?
61
Let r(z) = 12*z - 124. Suppose -g - 2*g + 3*p + 78 = 0, 0 = -2*g + 5*p + 43. What is the remainder when g is divided by r(11)?
5
Let k(n) = -21*n - 212. What is the remainder when k(-11) is divided by 6?
1
Suppose -2 = -3*n + n, 3*b - 10 = -n. Let k = 21 - 18. What is the remainder when k is divided by b?
0
Let p(n) = 8*n**2 - 2*n - 1. Suppose -2*v = -d + 18, v - 51 = -d - d. What is the remainder when d is divided by p(-1)?
6
Let a(h) = -h**2 - 2*h - 6. Let b be a(-3). Let w = b - -15. Let c = -102 - -123. Calculate the remainder when c is divided by w.
3
Let a be (-5)/(1/((-21)/(-3))). Calculate the remainder when (-300)/a + (-3)/(-7) is divided by 3/12 - (-22)/8.
0
Let c(p) = p**3 + 2*p**2 - 4*p. Let t be c(-3). Suppose 0 = -t*i + 5*y + 23, 0 = -4*i + i - y + 35. Calculate the remainder when 20 is divided by i.
9
What is the remainder when 188 is divided by 6*-55*8/(-80)?
23
Suppose 3*n - 5*n + 5*y + 128 = 0, -2*n = -4*y - 128. Calculate the remainder when n is divided by 10.
4
Suppose -2*p + 4*z = -12, 3*p - 20 = -0*z + 4*z. Let u(r) be the first derivative of 5*r**2/2 - 7*r + 5. What is the remainder when u(6) is divided by p?
7
Let y(j) = -85*j + 322. What is the remainder when 1674 is divided by y(3)?
66
Suppose 0 = -3*l - 68 - 4. Let w = l + 43. Calculate the remainder when w is divided by 4.
3
Suppose -4*q = -3*f - 9 - 36, -q - 2*f + 25 = 0. Suppose -3*c - 25 = -7. Calculate the remainder when -21*c/(-27)*-9 is divided by q.
12
Let v(t) = 2*t - 4. Suppose -c + 0*c + 27 = -2*d, -2*d = -3*c + 65. What is the remainder when c is divided by v(7)?
9
Let g = 143 - 125. What is the remainder when 231 is divided by g?
15
Let q = -82 + 84. Suppose 2*h - c = 4*c + 37, 0 = -q*h - c + 31. Calculate the remainder when 63 is divided by h.
15
Suppose -63*h = -67*h + 3576. Calculate the remainder when h is divided by 8.
6
Let y = 20 + -1. Let l(d) = 3*d**3 + 35 + 2 - 2*d**3 + 0*d**3 - d**2. Calculate the remainder when l(0) is divided by y.
18
Let d = 16 + -41. Let i(r) = -14*r - 1. Calculate the remainder when i(-1) is divided by (4 + 1)*5*(-5)/d.
3
Let w(n) = -7*n + 4. Let v(h) = 6*h - 5. Let r(f) = 3*v(f) + 2*w(f). What is the remainder when 26 is divided by r(4)?
8
Let h(y) = -5*y**2 + 3*y + 7. Let p(m) = m**2 + 1. Let x(j) = -h(j) - 4*p(j). Let s be x(8). Let f = s - 0. Calculate the remainder when f is divided by 17.
12
Let t = 27 - -29. Suppose -4*u = 4*x + 8, 8*u - 30 = 3*u + 5*x. Suppose 5*m - u*m = 45. Calculate the remainder when t is divided by m.
11
Calculate the remainder when 240 + -23 + 28 - (1 - 0) is divided by 25.
19
Suppose 4*b = -9*p + 5*p + 164, 0 = -p + 3*b + 29. Calculate the remainder when 100 is divided by p.
24
Let i(g) = 5*g**3 - 11*g**2 + 3*g - 6. Calculate the remainder when 47 is divided by i(3).
8
Let p(d) = d**3 + 9*d**2 - d + 18. Calculate the remainder when 134 is divided by p(-9).
26
Let w be -6*1/(-3) - 2*1. Suppose -3*l = -21 - w. Suppose -31 + 6 = -v. Calculate the remainder when v is divided by l.
4
Suppose -3*y + 6*y = 0. Suppose -5*g + 20 = -y*g. Suppose 45 = 3*i - 3*n, 0*i - g*i - 3*n + 95 = 0. Calculate the remainder when 77 is divided by i.
17
Let r = 5 + 26. Suppose 5*u = r + 34. Suppose 0 = 2*a - 25 - u. What is the remainder when 37 is divided by a?
18
Let o = 3 + 2. Suppose o*q - 122 + 27 = 0. What is the remainder when q is divided by 10?
9
Suppose 3*b - 2*o = -o + 4, 5*b = -o + 20. Suppose b*s - 6 = -0. Suppose 5*r + 13 = l - 0*l, s*r = 3*l - 52. What is the remainder when l is divided by 11?
7
Suppose -6*g + 43 = 3*u - g, -2*g + 16 = u. Let p(j) = -j**3 - 4*j**2 + 21*j + 63. Calculate the remainder when p(-6) is divided by u.
3
Let k = -67 + 170. Suppose -4*b + 97 = 3*r, 8 = r + 2*b - 27. What is the remainder when k is divided by r?
22
Suppose 2*g + 3*s - 69 = 0, -2*g = -3*g + 4*s + 51. Calculate the remainder when g is divided by 11.
6
Let w be ((-4)/6)/(1/(-51)). Let d = 12 + w. What is the remainder when d is divided by 25?
21
Suppose -11*f + 685 + 712 = 0. What is the remainder when f is divided by 22?
17
Suppose 0 = -3*i + 3*b + 204, -i = 5*b - 57 - 41. Calculate the remainder when 214 is divided by i.
68
Suppose l - 213 = 2*f, -211 = -l + 5*f - f. Calculate the remainder when l is divided by 17.
11
Let s be (-20)/(-6) - (-13)/(-39). Suppose -5*f - 3*u + 77 = -99, 0 = -s*f - 3*u + 108. What is the remainder when 201 is divided by f?
31
Suppose -9*g - 1856 = -13*g. Suppose -4*r - g = -0*d - 4*d, -r + 3*d = 114. Calculate the remainder when r/(-3) - 12/6 is divided by 19.
18
Let h(s) = 6*s**3 - 2*s**2 + 4*s + 4. What is the remainder when h(2) is divided by